 Let c(h) = -6*h - 7*h - h + 1. Calculate the remainder when c(u) is divided by 10.
9
Let l be (-136)/(-40) + 4/(-10). Suppose -7*x + 3*x + 151 = 5*y, 118 = l*x - y. Calculate the remainder when x is divided by 7.
4
Let l(p) = -8*p + 1. Calculate the remainder when ((-28)/(-12))/((-126)/(-1836)) is divided by l(-1).
7
Let i = 74 - -8. What is the remainder when 301 is divided by i?
55
Let b = 21 + -30. Let m = 166 - 152. What is the remainder when b/3 + (-2 - -60) is divided by m?
13
Suppose 3*x + 52 = 7*x. Calculate the remainder when 56 is divided by x.
4
Calculate the remainder when 154 is divided by (-4)/8*(13 - 65).
24
Let c be (55/(-44))/((-1)/(-2*4)). Let p(y) = -8*y**2 + 2*y. Let u be p(-2). Calculate the remainder when 34 is divided by 35/14*u/c.
7
Suppose 0 = -3*i + 50 - 11. Suppose 3*f - 3 = 12. What is the remainder when i is divided by f?
3
Suppose 4*r = -4*g - 10 - 10, -3*g + 5*r + 1 = 0. Let i be (1 - g/(-1)) + 2. Suppose i = 4*y - 0*y - 208. Calculate the remainder when y is divided by 11.
8
Let j = -203 - -233. What is the remainder when 51 is divided by j?
21
Let j be (-2 + 0)*(-14 + 0). Suppose 3*i - j - 59 = 0. Calculate the remainder when i is divided by (1 + 2 - 1)/(-1) - -17.
14
What is the remainder when ((2 - -9) + -12)*29*-2 is divided by 16?
10
Suppose 4*n - 2*n - 4 = 0. Calculate the remainder when 8 is divided by (-9 - -3)/(n*-1).
2
Let t(z) = -2*z**2 - 33*z - 16. Let a(i) = -i**2 - 4*i - 1. Let r be a(2). What is the remainder when t(r) is divided by 20?
15
Suppose -3*q + 5 - 14 = 0. Let p(v) = -26*v + 1. What is the remainder when p(q) is divided by 20?
19
Suppose -30 = -2*f - 0. Let w(a) = a**3 + a**2 + 9. Let t be w(0). Let m(b) = -b**3 + 9*b**2 + b. What is the remainder when f is divided by m(t)?
6
Let d(c) = 2*c**3 + 6*c**2 - 10*c + 17. What is the remainder when 1992 is divided by d(3)?
92
Let n = 197 - 146. What is the remainder when 111 is divided by n?
9
Let p = -805 - -844. Let x(u) = 3*u**2 + 6*u + 3. Let t = -15 - -9. What is the remainder when x(t) is divided by p?
36
Let d = 648 + -592. Suppose -4*g - 5*i + 25 = 0, 6*i - 4*i = 5*g - 56. Calculate the remainder when d is divided by g.
6
Let q(p) = p**2 + p - 2. Let h be q(-3). Suppose 3*u - h*r = 6*u - 101, 0 = 3*u - 5*r - 137. What is the remainder when 154 is divided by u?
37
Let c be (-3 - -1)/((5/2130)/(-1)). Suppose 0 = 3*m - 15*m + c. Suppose 5*o - 2*s = -4*s + 126, -3*s = -9. What is the remainder when m is divided by o?
23
Let a be (-2148)/(-60) + (-2)/(-10). Suppose 3*t + y - a = 0, 4*t - 5*y - 10 = 38. What is the remainder when 21 is divided by t?
9
Let l(o) = o - 8. Let z be l(10). Suppose -3*r = -4*m - 8 + 451, z*r + 438 = 4*m. Calculate the remainder when m is divided by 27.
26
Let t = 560 - 540. Calculate the remainder when 156 is divided by t.
16
Let d(m) = m + 12. Let z = -126 + 142. What is the remainder when d(11) is divided by z?
7
Let q(s) = -21*s - 4. Let h be q(3). Let u = -28 - h. Calculate the remainder when 75 is divided by u.
36
Suppose 3*i + 64 = 4*i. Suppose 201 = 5*n - i. Calculate the remainder when n is divided by 9.
8
Suppose -64 = -2*m - 28. What is the remainder when 102 is divided by m?
12
Let m(z) = 3*z + 30. Let p(g) = -10*g - 91. Let u(t) = 21*m(t) + 6*p(t). What is the remainder when u(9) is divided by 57?
54
Let g(w) = -7*w + 436. What is the remainder when g(-13) is divided by 33?
32
Let n(m) = -6*m - 13. Suppose 29*j - 359 = 2251. Calculate the remainder when j is divided by n(-10).
43
Suppose 76*v = 73*v + 42. Suppose -5*a + 97 = 4*g, -2*a + 18 = 5*g - v. Calculate the remainder when 33 is divided by a.
12
Let a = -88 + 157. Calculate the remainder when 18 is divided by -4*((-2)/(24/a) + 3).
7
Suppose 3*t - 228 = -3*b, 2*t = -5*b + 129 + 242. Suppose 26 = 4*x - 6. Let i = 27 - x. What is the remainder when b is divided by i?
16
Suppose -4*a - a - 4*b = 2442, -8 = -4*b. Let d = a + 724. Calculate the remainder when d is divided by 47.
46
Suppose 8*t = 9*t - 71. What is the remainder when t is divided by 12?
11
Let t(k) = -12 - 4 + 3*k + 2*k - 11. Calculate the remainder when t(20) is divided by 11.
7
Suppose 4*s - 11 = 9. Suppose -279 = -s*i + 261. Suppose n - 5*n = -i. What is the remainder when 53 is divided by n?
26
Let n = -145 - -180. What is the remainder when 104 is divided by n?
34
Let h(n) = -4*n**3 - 2*n**2 - 2*n + 1. Let p be h(-1). Let a(w) = -w**2 - 2*w - 1. Let r be a(-2). What is the remainder when 3*r + p + 53 is divided by 14?
13
Let w = 596 - 573. Calculate the remainder when 83 is divided by w.
14
Let d = 0 + 15. Let m = 22 - d. What is the remainder when 14/49*(-5 - -47) is divided by m?
5
What is the remainder when 191 is divided by 100/(-30)*9/(-8)*24?
11
Let c = 338 - 378. Let j be 1 + 0 + 0 + -62. Let z = c - j. What is the remainder when z is divided by 12?
9
Let n(j) = -j**2 - 7*j + 11. Let p be n(-7). Suppose -3*l - 2*i + 13 = 0, -5*i = 4*l - 33 + p. What is the remainder when l is divided by 3?
0
Let n(z) = z**2 + 21*z + 21. Calculate the remainder when 110 is divided by n(0).
5
Calculate the remainder when 31 is divided by 8*21/28 + -3.
1
Suppose -t + 33 = -18. What is the remainder when 303 is divided by t?
48
Let i(o) = o**3 + 12*o**2 + 7*o - 35. Let l(j) = 2*j - 29. Let m be l(9). What is the remainder when 21 is divided by i(m)?
3
Let p(k) = 0 - 3*k**3 - 3*k**2 + 5 - 4 + 3*k - 3. Let a be p(-3). Suppose -20 - a = -3*g. Calculate the remainder when 60 is divided by g.
18
Let s = 25 - 33. Let l be 10/40 + 2/s. Suppose l = 2*j - 0 - 22. What is the remainder when 54 is divided by j?
10
Let k = 75 - -42. Calculate the remainder when k is divided by 20.
17
Suppose 0 = 4*l - 354 + 1006. Let t = -147 - l. What is the remainder when 30 is divided by t?
14
Calculate the remainder when 164 is divided by (-38)/(-57) + (-140)/(-6).
20
Suppose -3*p + 5 + 25 = 0. Let c = 137 - 88. Calculate the remainder when c is divided by p.
9
Let j(c) = -4*c**2 + 10*c + 9. Let q(u) = u**2 - u + 1. Let l(y) = j(y) + 5*q(y). Calculate the remainder when 82 is divided by l(-5).
12
Suppose -5*v - 14 = 3*l, 6*v + 3*l + 13 = 2*v. Let g = -109 + 115. Calculate the remainder when g is divided by (v + (-1)/(-3))*-3.
0
Let s(c) = 2*c**2 - 55*c - 135. What is the remainder when 99 is divided by s(30)?
9
Let s be 1 - 0 - 8/(-2). Suppose 0 = -s*b + 36 - 11. What is the remainder when 19 is divided by b?
4
Let a = -122 - 73. Calculate the remainder when ((-2)/3)/(1172/a + 6) is divided by 17.
14
Calculate the remainder when -3 + ((-38)/3)/((-8)/24) is divided by 24.
11
Suppose 92*c - 93*c = 2*s - 234, -2*s + c + 226 = 0. Calculate the remainder when s is divided by 13.
11
Let a(c) = 2*c**2 - c + 56. What is the remainder when a(7) is divided by 30?
27
Suppose -4194 - 17922 = -38*m. Calculate the remainder when m is divided by 154.
120
Let d be (-2)/8 - ((-2972)/(-16) + 2). Calculate the remainder when d/8*6/(-3) is divided by 8.
7
Let i = -1363 - -1402. Calculate the remainder when 185 is divided by i.
29
Suppose w - 1 = 6. Suppose 100 = w*t - 3*t. Calculate the remainder when t is divided by 9.
7
Suppose 5*d - 51 = 2*p + 8, 0 = d + 2*p - 19. Let i = -55 + 211. Suppose -2*l - i = -3*n, -5*n - 142 + 401 = -3*l. What is the remainder when n is divided by d?
11
Suppose -111 = -u - 4*m, -21*u - 359 = -24*u + m. What is the remainder when u is divided by 24?
23
Suppose -187 = -10*l + 203. Calculate the remainder when 127 is divided by l.
10
Let j = -7339 - -7357. Let f be (0 - 2) + 2 + 2. Suppose 6 = f*u - 12. What is the remainder when j is divided by u?
0
Let r be 24/9*6/4. Calculate the remainder when (-1118)/(-12) + r/(-24) is divided by 26.
15
Let r = -1245 + 1251. What is the remainder when 51 is divided by r?
3
Calculate the remainder when (-4)/4*(-1 - (123 - 2)) is divided by 21.
17
Let w be (48/14)/((-14)/(-49)). Calculate the remainder when w/9 - (-82)/6 is divided by 4.
3
Let r = 3 - -41. Calculate the remainder when r is divided by 9.
8
Let y(d) = -3*d + 16. Let j be y(8). Let u(z) = z**3 + 8*z**2 + 6. Calculate the remainder when 9 is divided by u(j).
3
Let n = -32 + 48. Let u(g) = -g**2 + 17*g + 29. Calculate the remainder when u(n) is divided by 1 - (-10 - (1 - 0)).
9
Let b = 1573 + -1560. Calculate t